ative of g(b). Determine r(4).
5
Let l = -6 + 8. Suppose 3 = 5*p - l. Let b be p/3*15*-1. Let d(q) = -q + 1. Calculate d(b).
6
Let c(n) = -n**3 - 2*n**2 + n + 5. Let d be c(0). Let o(v) = v**3 - 5*v**2 - 2*v + 4. Determine o(d).
-6
Let z(r) be the second derivative of r**3/6 + r. Suppose -12 + 2 = 5*v. What is z(v)?
-2
Let z(b) = b**2 + 7*b - 4. Suppose y - 19 = 2*o, -o - 5*y = -6*o - 55. Give z(o).
4
Let h = -2 - -2. Suppose -3*g + 0*g - 3*p - 30 = h, -g + 2*p + 5 = 0. Let i(f) = f + 7. Determine i(g).
2
Let y(k) = -2*k - 1 - 4 + 3. Suppose 2 + 1 = q. Suppose -2*z = -2*w - 2*w + 26, -z + q*w - 18 = 0. Calculate y(z).
4
Let n be 32/(-24)*3/2. Let j(o) = -3*o + 1. What is j(n)?
7
Let j = -6 - -3. Let c(z) = z**3 + 2*z**2 - 2*z - 4. What is c(j)?
-7
Suppose -3*k - 10 = -8*k. Let t(o) be the third derivative of -1/24*o**4 - 1/6*o**3 + 0 + 0*o + k*o**2. Determine t(-1).
0
Let i(n) = n - 1 - 4*n + 0*n + 2*n. Give i(-6).
5
Let l(o) = -o**3 + o**2. Let h(p) = -2*p**3 + p**2 - 5*p + 4. Let i(n) = h(n) - 3*l(n). Calculate i(3).
-2
Let s(l) = l + 1. Let x(m) = m**3 + 4*m**2 - 6*m - 3. Let b(t) = -s(t) + x(t). Determine b(-5).
6
Let n(x) = 4*x**2 + 2*x + 2. Let u(s) = -5*s**2 - 2*s - 3. Let b(o) = -6*n(o) - 5*u(o). Calculate b(2).
3
Let t(b) = 6*b**2 - 4*b - 5. Let p(m) = -7*m**2 + 4*m + 6. Let w(c) = 5*p(c) + 6*t(c). Determine w(4).
0
Let x(m) = 7*m**2 - 14*m + 3. Let y(b) = -6*b**2 + 13*b - 4. Let t(r) = -5*x(r) - 6*y(r). What is t(6)?
-3
Let x(j) = -4*j**3 + 5*j**2 - 3*j + 4. Let u(t) = 9*t**3 - 10*t**2 + 5*t - 8. Let k(b) = 3*u(b) + 7*x(b). What is k(4)?
-4
Let c be -2*6*3/9. Let g be -2*2/(-8)*0. Let m(a) = 4 + g*a**2 + 2*a + a**2 - 5. Give m(c).
7
Suppose j + j - 8 = 0. Let m(z) = -13*z**2 + 29*z - 12. Let i(g) = 3*g**2 - 7*g + 3. Let r(h) = -9*i(h) - 2*m(h). Calculate r(j).
1
Suppose -3*u - 27 = -2*a, 5*a - 4*a - 16 = 2*u. Suppose -m + k - 10 = 0, -3*k = 2*m + 1 - a. Let w(z) = -z**3 - 4*z**2 + 4*z - 4. What is w(m)?
1
Let g be (-308)/33 + (-2)/(-6). Let k(z) = z + 12. Calculate k(g).
3
Let y(i) = i**2 - 4*i + 4. Suppose 21 = 3*w + 3*h, 1 = 3*w - 3*h + 4. Suppose 0 = -3*v + w, 0 = -z + 8*v - 4*v. Give y(z).
4
Let a(i) = i**3 - 5*i**2 - 2*i + 3. Let w = 20 + -13. Let z(r) = r**2 - 4*r - 9. Let h be z(w). Let l = h + -7. Give a(l).
-7
Suppose 4*w + 0*d - 8 = 5*d, -w + 5*d + 17 = 0. Let o(p) = -3*p**2 - 3*p + 2. Give o(w).
-16
Let f(m) = 6*m**2 - 1 + 8*m - 3 + 0 - m**3 - 4. Determine f(7).
-1
Let f = 56 - 59. Let o(j) = j**3 + 3*j**2 + j - 3. Calculate o(f).
-6
Let h = -134 + 129. Let d(j) = -j - 7. Determine d(h).
-2
Let v = -174 - -178. Let w(m) = 4*m**2 + 12*m + 3. Let z(b) = 3*b**2 + 8*b + 2. Let g(r) = -5*w(r) + 7*z(r). What is g(v)?
-1
Let b(y) be the first derivative of -y**3/3 + 3*y**2/2 + 4*y - 6. What is b(-3)?
-14
Let w(g) = 6*g**3 + 58 - 58 + g**2. Give w(1).
7
Suppose 3*h = 3*y - 18, -4*y = 3*h + h - 24. Let o(r) = -y*r + 1 + r**2 + 5*r + 0*r**2. What is o(1)?
1
Suppose -3*m - m + 36 = 0. Let y be 6/m + 4/3. Suppose 4*c = -0*k + 2*k - 4, y*k + 1 = -c. Let p(a) = a**3 + 6. Determine p(k).
6
Let k = -36 - -31. Let l(f) = -f**3 - 6*f**2 - 6*f + 5. Give l(k).
10
Let x(t) = -t**3 + t + 5. Let j be x(0). Suppose -j*n = -0*n + 15. Let y(p) = -p**2 - 3*p - 2. Calculate y(n).
-2
Suppose -9*f + 5*f + 24 = 0. Let s(l) = l**3 - 6*l**2 + l. Give s(f).
6
Let h(g) = 2*g - 2*g**2 - 7*g**2 + 7*g**2 + 0*g**2 - 3. Determine h(2).
-7
Let b(o) be the second derivative of -1/3*o**3 + 0 + 5*o + 1/12*o**4 + 1/2*o**2 - 3/10*o**5. Give b(1).
-6
Let z(n) = -24*n - 16. Let b(j) = 0*j - 4*j - j - 3. Let m(y) = -14*b(y) + 3*z(y). Determine m(-5).
4
Let j(w) be the second derivative of -7*w**6/120 - w**4/12 + w**3/6 + 4*w**2 + 4*w. Let g(m) be the first derivative of j(m). What is g(1)?
-8
Let m(n) = 0*n + 0*n + 1 - n. Suppose -3*u + 3*f + 10 + 8 = 0, -4*u - 16 = 4*f. Calculate m(u).
0
Let n(z) be the second derivative of z**4/12 - 5*z**3/6 + 5*z**2/2 + 2*z. Let f be (-6)/4*(-16)/6. Suppose -5*v = 2*u - 25, -14 = -f*v - 4*u + 6. Give n(v).
5
Suppose 0 = 9*a - 5*a - 20. Let o(y) = y**2 - 5*y + 6. Calculate o(a).
6
Let r = 45 + -39. Let s(t) = t - 1. Give s(r).
5
Let n(y) = -y**2 - y - 3. Let r(v) = -2*v**2 - 2*v - 4. Let g(d) = -3*n(d) + 2*r(d). Let l be (1 - 6)/5 + 1. Determine g(l).
1
Let c(d) be the third derivative of d**6/120 - d**5/20 - d**4/6 + d**3/3 - 28*d**2. Suppose -n = 4*n - 20. Calculate c(n).
2
Let r be (25/(-20))/(1/(-4)). Let t(o) = o**2 - 4*o + 3. Calculate t(r).
8
Let z(w) = w**3 - 7*w**2 + 2*w - 7. Let c be z(7). Let v(y) = 9*y - 17. Let r(k) = -5*k + 9. Let s(a) = c*r(a) + 4*v(a). Calculate s(0).
-5
Let k(l) = 7*l**3 - 2*l + 1. Let o be k(1). Let u(h) be the second derivative of 1/6*h**3 - 5*h + 0 - 7/2*h**2. Determine u(o).
-1
Let h(r) be the first derivative of -r**4/4 + r**3/3 + r**2/2 + 1. Suppose 4*o = -m - 3*m, 5*o + 3*m - 4 = 0. Calculate h(o).
-2
Let q(u) = 4 + 1 - u - 4 + 2*u. Let s(v) = -3*v**3 - 2*v**2 + v. Let x be s(-2). Suppose w + x = 5*p, -4*p = -13 + 5. Give q(w).
-3
Let i(q) = -q - 1. Suppose 0 = 4*r - r + 6. Give i(r).
1
Let f(s) = -s**2 - 4*s + 3. Let h be f(-4). Suppose h*m + 2*b - 5*b = 9, -5*b = -10. Let y(k) = -k**3 + 4*k**2 + m + 6*k - 6*k - 10*k**2. Determine y(-6).
5
Let u(b) = 85*b - 35. Let l(q) = -5*q + 2. Let s(p) = -35*l(p) - 2*u(p). Let a(j) = j**3 - 9*j**2 - 10*j + 1. Let k be a(10). What is s(k)?
5
Let h = 11 + -9. Let c(f) = -2*f + 6*f**3 - 1 - 2 + h. Calculate c(-1).
-5
Suppose -f - 3 = -4*g, g + 5*f = 5*g + 17. Let r(y) = 1 + 3*y**2 + 0*y**3 - y**2 - 2*y**3. Calculate r(g).
-7
Let m(y) = -y**2 - 5*y + 4. Let s be m(-6). Let u = 1 + 2. Let c(g) = 3*g - u*g + g**2 + 1. What is c(s)?
5
Let w(d) be the first derivative of 3*d**4/4 - d**3/3 + 2*d**2 - d - 4. Let l(r) = r**3. Let n(b) = -4*l(b) + w(b). Give n(-3).
5
Let o(w) be the first derivative of w**3/3 + 3*w**2 + 5*w - 25. Determine o(-5).
0
Let b = 5 - 1. Let g(v) = -v - 225 + 113 + 116. Determine g(b).
0
Suppose 2 = -w - 3*r - 7, -2*r = -2*w + 6. Let j(k) = -k - 6. Let z(m) = m + 6. Let s(a) = -3*j(a) - 4*z(a). Determine s(w).
-6
Suppose 13*p - 8 = 9*p. Let m(k) = 0*k**2 - 3*k - 2*k**2 + 5*k**2. What is m(p)?
6
Let d(x) = -x**2 + 2. Let r(b) = -2*b**2 + 3. Let f(i) = 5*d(i) - 3*r(i). Let y(o) be the first derivative of f(o). Give y(-5).
-10
Let t(u) be the third derivative of u**6/20 + u**5/60 + u**4/12 + u**3/6 + u**2. Suppose -12 + 47 = 5*q. Suppose 4*y + 5 = -p, 5*y + q = -5*p - 3. Give t(p).
-6
Let m(k) = k**2 + 5*k - 6. Let b = 56 - 25. Suppose 12 = -s + b. Suppose -4*v - 24 = 2*c, -5*v + 2*c + c = s. Give m(v).
-6
Let s(d) be the first derivative of -d**4/4 - 4*d - 8. What is s(0)?
-4
Let l(k) = -4*k**3 - 1 + k**2 + 0*k**3 - 4*k**3. Calculate l(1).
-8
Let w(u) be the third derivative of -u**6/180 - u**5/60 - u**4/8 + 2*u**2. Let i(l) be the second derivative of w(l). Determine i(-2).
6
Let n(c) = -4*c + 1. Suppose 4 = -3*x + r - 3, 3*r - 12 = 0. What is n(x)?
5
Let r(c) = -22*c. Let q(p) = -5*p. Let l(d) = 9*q(d) - 2*r(d). Calculate l(2).
-2
Let f(h) be the second derivative of h**6/90 + h**5/120 + 2*h**3/3 - 6*h. Let s(v) be the second derivative of f(v). What is s(-1)?
3
Suppose 4*y - 16 = 5*j - 6, 5*y - 31 = -3*j. Let x(h) = -1 - j - 2*h + 4*h + 2*h. Let d(v) = v**2 - 1. Let z be d(2). Determine x(z).
9
Let f = -38 - -67. Suppose 2*t + 19 = 2*m + 5, -t + f = 5*m. Suppose -x - 2 = -m. Let h(a) = -a**2 + 6*a - 3. Calculate h(x).
5
Let y be 1/(-2) + (-1)/(-2). Let m(x) = -3*x**3 - 5*x**2 + 9*x + 5. Let b(p) = 4*p**3 + 6*p**2 - 11*p - 5. Let w(h) = -4*b(h) - 5*m(h). Give w(y).
-5
Let g be (-25)/(-30) - 2/(-12). Let n(s) = 0*s - s + 3 - g - 3. Calculate n(0).
-1
Let r(k) be the third derivative of 11*k**8/20160 + k**7/5040 + k**6/720 - k**5/6 + 9*k**2. Let n(s) be the third derivative of r(s). Give n(-1).
11
Let m(a) = a**3 - 10*a**2 + 9*a - 2. Let s be m(9). Let p(n) = n**2 + 2*n - 1. Calculate p(s).
-1
Let a(b) = -19*b**2 - 17*b + 4. Let d(l) = 4*l**2 - 2 + 8*l + 4*l**2 + l**2. Let w(k) = -6*a(k) - 13*d(k). Calculate w(-2).
-6
Let x be 3 + -5 + 1/1. Let z(d) = -5*d**3 + 2*d**2 + d. Give z(x).
6
Let c(q) be the first derivative of q**3/3 - q**2 - q - 26. What is c(3)?
2
Let p(g) = 2*g + 2. Suppose -5*y - 10 = 5*v, 6 = -2*y - y. Let m = v + 5. Suppos